49396 - -122262. Is w prime?
False
Let a = 111 - 104. Let s(k) = 41*k - 24. Is s(a) a prime number?
True
Suppose 3578 = 5*u + 868. Let y = 801 - u. Is y composite?
True
Suppose -2*v = 16, -470*v + 474*v + 2510196 = 4*s. Is s a composite number?
False
Let u(w) = 22*w**2 - 13*w + 71. Let r be (5 + (-2 - 3))*1 - 20. Is u(r) a composite number?
True
Let q = -355 - -360. Suppose -19606 - 32183 = -4*d - q*j, 5*d = -2*j + 64715. Is d prime?
True
Let k be 3/((-9)/2)*-3. Suppose 35271 - 235737 = -18*i. Suppose -4*j + 8912 = 4*m, 5*m = -0*j - k*j + i. Is m a prime number?
False
Suppose j + 300 = -3*j. Let r = j - -77. Is (-52)/(-14) + r/7 - -2049 composite?
False
Let d(o) be the first derivative of -2250*o**2 + 23*o + 3. Is d(-3) a composite number?
False
Let h(s) = -s**3 - 7*s**2 + 41*s - 20. Let c be h(-11). Let b(p) = p**3 - 12*p**2 - 11*p - 23. Is b(c) a composite number?
False
Suppose -7*t = -11*t + 16. Suppose t*c + 165 = 4993. Is c a prime number?
False
Let f = 38758 - 26445. Is f a prime number?
False
Suppose -35*g = -43*g - 56. Is (g - (-5 - 1))/((-2)/3194) a composite number?
False
Suppose 44600 = 2*g + 5*t + 312969, 3*g + 402528 = t. Is g/(-9) - (-100)/225 a composite number?
True
Let p(s) = -110*s + 345*s**2 + 7 + 108*s + 367*s**2. Is p(-3) prime?
True
Let d = 38156 - 20643. Is d composite?
True
Let c(t) = 226*t**2 + 149*t + 2141. Is c(-14) composite?
False
Suppose 20*l = -25*l + 17*l + 1533980. Is l composite?
True
Let j be (-1)/(-1 - (-8)/10). Let i be (-30)/(-8)*432/324. Suppose i*q = -5*t + 1730, q + 0*q - j*t = 352. Is q prime?
True
Let n = -613 + 1668. Is n + -12 + (1 - 1) a composite number?
True
Let d be -15*(-50)/15 + -2. Let g = d + 325. Is g a prime number?
True
Let b be -17 - (5 + -1 - 2). Let x(r) = r**2 + 17*r - 36. Let v be x(b). Is -29*55/10*-1*v a prime number?
False
Let i be (-148424)/(-108)*6 + 8/36. Suppose -4*w = c + 4*c - i, 0 = 4*c - 3*w - 6572. Is c a composite number?
True
Let k(c) = c**2 + 1 + 0*c - 2*c - 935*c**3 + 4*c + 0. Let g = -878 + 876. Is k(g) a composite number?
False
Let u(h) = 84*h**2 + 3*h + 6. Let g be u(-3). Suppose -w - 2*w = -g. Suppose -3*y = -4*y + w. Is y a composite number?
False
Suppose 0 = 226*v + 77*v - 38321319. Is v composite?
False
Let t be (57 - 63)*(-2 + (-51)/(-2)). Suppose 0 = -3*l + 10 - 25. Is 4/(-10)*l - t a prime number?
False
Is (6/9)/(8/(-2086815)*-2608519 + -10) a composite number?
True
Let h(t) = t**3 - 10*t**2 + 6*t - 40. Let u be h(10). Let k(w) = 136*w - 199. Is k(u) a composite number?
False
Let b = -558526 - -915199. Is b composite?
True
Let k(r) = 1297*r + 50. Let h = -500 - -509. Is k(h) composite?
True
Suppose 4*d = -2*z + 244854, -5*d - 2*z + 171031 = -135034. Is d prime?
True
Let n(a) = a**3 - 29*a**2 - 32*a + 36. Let r be n(30). Is 8/((-256)/r) + (-6769)/(-4) prime?
True
Let q be (-1)/((-26)/42 - (-14)/49). Let w be 4 + (8/(-2) - -994). Is ((-3)/(-2))/(q/w) composite?
True
Let v(w) = 1 - 1683*w + 1692*w + 13*w**2 + 9*w**2. Let l be ((-18)/(-12))/((-3)/(-8)). Is v(l) a composite number?
False
Let r = 1576 + -246. Let z = 769 + r. Is z a prime number?
True
Suppose 1 = 2*g + g - 5*s, 2 = 2*g - 2*s. Let a be 2*(-2)/g + 1*44. Is (-2 - a)*(-56)/32 composite?
True
Let j(w) = -3011*w**3 + 6*w**2 - 42*w - 146. Is j(-3) a prime number?
True
Let l = -9072 - -16873. Suppose 0 = 2*p - l + 2687. Is p prime?
True
Suppose 0*p = p. Let c be p + -2 + 20 + 3. Suppose -c = -3*l + 9. Is l a composite number?
True
Suppose 81*r - 2190682 - 9042317 = 0. Is r prime?
True
Suppose h - 148 = 3*n + 12, -4*h - 2*n = -696. Suppose -k = -2137 - h. Is k prime?
True
Let z = 602 + 2905. Let m = z + -121. Is m a composite number?
True
Suppose 5*k + 16*x = 14*x + 411945, -3*x = 15. Is k prime?
False
Suppose -11248 = 11*d - 13*d - t, -d = -t - 5621. Is d composite?
False
Suppose -3*n = 3*f, -2*n = -0*n - 3*f - 25. Suppose -5*z + 35 = -n*i, -3*z - i + 3 = 2*i. Is 2/z - (3548/(-8) - -1) a prime number?
True
Suppose -2020 = -u + 5*u - 2*h, -3*h + 12 = 0. Let w be 4 - (u + -1 + 0). Suppose -2*r - d + w = -0*d, -2*d - 1261 = -5*r. Is r prime?
False
Let d(u) = 167*u - 71. Let g(t) = -56*t + 24. Let w(k) = 2*d(k) + 7*g(k). Let y be w(-12). Suppose 328 + 398 = r + 2*m, r = -3*m + y. Is r prime?
False
Suppose -18*l + 4 = -20*l, 5*h = 3*l - 9774. Suppose 0 = 3*n + b - 8594, -n + b = 2*b - 2868. Let s = h + n. Is s a prime number?
True
Let m(n) = -n**3 - 3*n**2 + 7*n - 11. Let t be m(-5). Suppose 4*f - 13060 = -4*s, 8*f + t*s - 16323 = 3*f. Is f a composite number?
True
Suppose -3*a + 79805 = g, 10*a - 15*a + 319248 = 4*g. Is g composite?
False
Let a(v) = 22274*v - 10051. Is a(12) a prime number?
False
Let i(t) = -15*t + 173. Let y be i(11). Is -5 - ((-10128)/y - -2) a composite number?
False
Let t(m) = 7*m + 141. Let r be t(-18). Suppose -r*i = -i - 168098. Is i a prime number?
True
Let d = -30444 - -72826. Is d a composite number?
True
Let r be (-2 + (-1 - 0))/(30/(-40)). Suppose -z - 3*z + 1004 = 3*v, r*v - 251 = -z. Is z a prime number?
True
Let w(h) = h**2 - 23*h - 87. Let c be w(27). Suppose 2518 = -19*i + c*i. Is i a composite number?
False
Is 7/(-14)*(-170348)/2 composite?
True
Let s(t) be the second derivative of t**4/12 - 17*t**2/2 + t. Let g be s(-4). Let n(a) = 1532*a**2 - 2*a - 3. Is n(g) composite?
False
Is -11*21/((-294)/52906) prime?
False
Let i(g) = -34*g + 129. Let q be i(4). Let y(c) = -11*c**3 - 11*c**2 - 47*c - 6. Is y(q) prime?
True
Let r(u) = -2*u + 40. Let j be r(20). Suppose j = -5*q + 1125 + 1195. Suppose 3*o = -2*n + 6*n - q, -20 = -5*o. Is n prime?
False
Suppose -i + 7 = -2*u - 8, -2*u = 2*i - 6. Is 2456 + 3/9*(4 - i) a composite number?
True
Suppose 0 = 8*j - 10*j - 4. Let l(b) = 7*b**2 - 11*b + 11. Let d(m) = 6*m**2 - 10*m + 11. Let k(z) = j*l(z) + 3*d(z). Is k(-9) a composite number?
True
Suppose 3*q + 238 - 1762 = 0. Suppose 4*l - 8 = 0, 0 = -a - 3*l - 148 + q. Let w = 567 - a. Is w a composite number?
True
Suppose -262*g = -260*g - a - 340156, -3*a + 680342 = 4*g. Is g prime?
True
Suppose 5*s = 20*s - 60. Suppose 2*j - 1766 = s*r, -5*r - 2658 = -3*j - 2*r. Is j a prime number?
False
Is 4/((-80)/(-703548)) - 2/5 a composite number?
True
Suppose 47*a = 2709595 + 1292721 + 5187453. Is a a prime number?
True
Let v(p) = -27*p + 207. Let y be v(8). Is 13518 - -2 - (3 - (-54)/y) a prime number?
True
Let g = 53 - 62. Is (-419)/((3 + g)/18) composite?
True
Suppose 0 = -4*y + 4*d + 492024, -4*d = -2*y + 251463 - 5441. Is y a composite number?
False
Let j be 1/3 - ((-36235)/15 + -3). Suppose 747 - j = 4*f. Let p = 195 - f. Is p composite?
False
Let m(i) = 6*i**3 + 26*i**2 + 121*i + 17. Is m(40) a prime number?
False
Let y = -390 - -231. Let t = y - -301. Let z = t + 777. Is z a composite number?
False
Let f = -37 - -38. Let x be (0 - 1)/(f/(-2)). Suppose 7*h = x*h + 295. Is h a prime number?
True
Let n = -1272636 - -1953607. Is n prime?
True
Is ((-63)/(-42))/((-3)/(-137786)) prime?
False
Suppose -2*a + 42762 = -12*g + 7*g, 0 = 5*g. Is a a prime number?
False
Suppose -3*h = 2*h - 2*p - 11, 3*h - 4*p - 1 = 0. Suppose -2*u - 5*s = 7, 5*s - s + 21 = -h*u. Is ((-251)/2)/(u/22) a composite number?
False
Let j = -995 + 1411. Suppose 4*s + 186 = 2*m, 5*m - 61 = -2*s + j. Is m a prime number?
False
Let a = 298 + -293. Suppose -2*v - a*z + 6391 = 0, -4*z + 6827 = 5*v - 9142. Is v composite?
True
Let z be ((-8)/(-6))/((-4)/(-108)). Suppose 5*m - z = -4*m. Suppose 2*i = m*i - 746. Is i prime?
True
Suppose 20*g - 19*g - 5*d - 35978 = 0, 3 = 3*d. Is g a composite number?
False
Let u(d) be the first derivative of d**4/4 + 23*d**3/3 - 7*d**2 + 23*d + 66. Let v be (21 - 0/(-4))/(-1). Is u(v) prime?
False
Suppose -2*a + 3*g = g + 28620, 5*g = -a - 14298. Let b = a + 33429. Is b prime?
True
Let f(s) = -5*s - 188*s**3 + 209*s**3 - 3 - 4*s**2 + 0*s - 589*s**3. Is f(-2) a prime number?
False
Is (-3)/15*1*245/21*-239721 prime?
False
Let r(c) = 2*c - 55. Let k be r(17). Is (9722/4)/(2 - k/(-14)) a prime number?
True
Suppose 6*n + 2103 = -381. Is (-652947)/n - 1/6 prime?
False
Let v(q) = 3*q**3 - 11*q**2 - 5*q + 3. Let r(m) = 15*m**3 - 56*m**2 - 24*m + 15. Let a(b) = -2*r(b) + 11*v(b). Is a(8) prime?
True
Suppose -2*k + 5*f - 6*f = -75254, 75262 = 2*k - 3*f. Suppose k = -264*u + 268*u. Is u a composite number?
Tr